. What are the prime factors of a?
5
Suppose -3*z = -4*j + 19, -j = -0*j - 3*z - 7. Let d(x) = 12*x - 6. What are the prime factors of d(j)?
2, 3, 7
Let q(b) = b**2 + 4*b - 1. Let l be q(-3). Let v = l - -9. Suppose v*c + 7*h - 2*h - 60 = 0, 4*h + 37 = c. What are the prime factors of c?
17
Suppose -3*w = -5*a - 440, -3*w + 3*a + 148 = -2*w. Suppose -4 = -4*t, -5*t = d + 4*d - w. What are the prime factors of d?
2, 7
Suppose 3*d = 2*l + 3*l - 196, -2*d = -3*l + 118. List the prime factors of l.
2, 19
Let w be 5*-1*3/(-3). Suppose -w*o + 35 = -0*o. Suppose -4*x = -o*x + 24. What are the prime factors of x?
2
Suppose 3*m + 0*m + 4*k - 52 = 0, -5*k - 90 = -4*m. Suppose -5*f - 2*y + y = -16, 4*f = y + m. List the prime factors of f.
2
Let p = -3 - -6. Suppose 0 = 2*s - p + 15. List the prime factors of (-6)/9 - 40/s.
2, 3
Let v = -10 - -13. Suppose -3 - 55 = -v*y + n, -y = -3*n - 14. What are the prime factors of y?
2, 5
Let s(u) = -u - 6. Suppose -11 - 19 = 5*h. Let l be s(h). Suppose -3*w - z = -31, -4*w - 2*z + 44 = -l*z. What are the prime factors of w?
3
Let g(f) = f**2 - 7*f - 13. Let a be g(9). Suppose -q + 28 = w - a*w, 0 = w + 1. List the prime factors of q.
2, 3
What are the prime factors of 16 + (-8)/(0 - 4)?
2, 3
Suppose -4*u + 15 + 1 = 0. Suppose c = -u*r + 6, -80 = -4*c - 5*r - 12. What are the prime factors of c?
2, 11
Let p(h) = 12*h - 1. Let u be p(1). Let n be (-4)/((-8)/2)*5. Let r = u - n. What are the prime factors of r?
2, 3
Suppose 5*x = -2*a + 39, -2*a + 5*x - 25 = -94. List the prime factors of a.
3
Let a = -107 + 188. What are the prime factors of a?
3
Suppose -2*f - 12 = -4. Let s be (-276)/8*f/6. Suppose 4*v = 79 - s. What are the prime factors of v?
2, 7
Let p(k) = 2*k**3 - 2*k**2 - 2*k + 3. Let a be p(2). Suppose -4*u - 62 = -5*h, a*h - 2*u = 4*h + 38. Suppose 2*g - h - 16 = 0. List the prime factors of g.
3, 5
Suppose -3*p + 450 = -5*i, -p + 5*p = 5*i + 595. What are the prime factors of p?
5, 29
Suppose -2*h - r = -164 - 233, -955 = -5*h + 5*r. List the prime factors of h.
2, 7
Let u be ((-102)/5)/((-1)/(-5)). List the prime factors of u/9*(1 + -4).
2, 17
Suppose 0*w = -3*w + 9. Suppose -z - w*z = -112. List the prime factors of 1/(-2)*z/(-2).
7
Suppose -2*r + 0*r = -10. Suppose -r*u + 0 = -40. What are the prime factors of u?
2
Let z(d) = -d**2 - 6*d - 5. Let j be z(-5). Suppose j*f + 49 = 5*f + 4*p, 0 = p - 1. Suppose c + 4 - f = 0. What are the prime factors of c?
5
Let i = -86 + 194. List the prime factors of i.
2, 3
Suppose -3*v - 75 = -8*v. Suppose 0 - v = 5*o. Let j = 13 + o. What are the prime factors of j?
2, 5
Let w(y) be the second derivative of -5*y**3/6 + y**2/2 - 2*y. Let u be w(-2). Suppose -3*j = -2*z + 22, -2*j = 4*z - 55 + u. List the prime factors of z.
11
Suppose -3*s + 145 = n + 50, -3*s = 2*n - 193. Suppose 2*w = -5*r + n, w + 4*w = -3*r + 226. List the prime factors of w.
2, 11
Let w = 21 + -37. Let z = w - -35. List the prime factors of z.
19
Let f(k) = 2*k**2 + 3*k - 11. Let q be f(-5). Suppose -20*i - 152 = -q*i. List the prime factors of i.
2, 19
Let o = 2 - 0. Let w be 4/(12/(-9)) + o. List the prime factors of w*(12/(-2) - -2).
2
Let q(s) = 5*s**2 + 2*s - 1. Let f be q(1). Suppose f = 2*d + x, -2*d = -4*d - 3*x + 2. Suppose -2*p + d*p - 22 = 0. What are the prime factors of p?
11
Let d be ((-4)/(-8))/(2/232). Let u = -31 + d. What are the prime factors of u?
3
Suppose 3*r - 5*l - 47 = 0, l = -5*r - l + 68. Let g = r + -8. What are the prime factors of g?
2, 3
Let b(p) = -2*p**2 - 2*p**2 + 2*p**2 + 3*p**2 + 4*p + 3. Let w be b(-3). Suppose 4*f - 12 = -w. List the prime factors of f.
3
Let v(x) = 7*x - 2. Let n be v(6). Let l = n + -25. What are the prime factors of l?
3, 5
Let x = -5 + 7. Let a(v) = 2 + 0*v**x + 9 + v**3 - 9*v**2. List the prime factors of a(9).
11
Let p(f) = 7*f - 10. Let w be p(-6). List the prime factors of (4/(-8))/(2/w).
13
List the prime factors of 14/(-7)*(-2 - 0).
2
Suppose 0 = -3*r - t - 2*t - 6, -5*r = -2*t - 25. Let a = 9 + r. Suppose 4*z + 4 = a. List the prime factors of z.
2
List the prime factors of (-1)/(2/52*-2).
13
What are the prime factors of 193/5 + (-12)/(-30)?
3, 13
Suppose 0 = 4*k - 21 - 11. Suppose 0 = -3*l + 32 - k. What are the prime factors of 10/15*(l + 1)?
2, 3
Let n(r) = -r**2 - 5*r + 6. Let o be n(-6). Let m be -15 + (-3)/(-9)*o. Let u = m - -27. List the prime factors of u.
2, 3
Let h = -96 + 200. List the prime factors of h.
2, 13
Let s(l) = -l**3 + 4*l**2 + 2*l - 3. Let f be s(4). Let o(q) = 2*q**2 - 5*q - 4. List the prime factors of o(f).
3, 7
What are the prime factors of 123 + -1 - 138/(-23)?
2
Suppose -3 = 2*t + t. List the prime factors of (-1)/t - (-10 - -8).
3
Suppose -2 = p - 3*s - 1, 46 = 5*p + 2*s. Suppose 0*t = -2*t - p. What are the prime factors of t/3*6/(-4)?
2
Let c(d) = -2*d - 6. Let i(s) = -s**3 - s + 1. Let t be i(1). Let o = -7 + t. What are the prime factors of c(o)?
2, 5
Suppose 2*x - 5*i + 6 = 0, -6 = 2*x - x - 4*i. Suppose 2*a + 12 - 24 = 0. Let u = a - x. List the prime factors of u.
2
Suppose -4*g + 0 = -52. What are the prime factors of g?
13
Let c be -1 - (-2)/((-4)/6). Let n(u) = 2*u**3 + u**2 + u - 1. Let h be n(-2). Let t = c - h. What are the prime factors of t?
11
Let c be ((-9)/(-2))/((-18)/(-24)). List the prime factors of 40/3 - 2/c.
13
Suppose -7*l + 4 = -5*l. Suppose 0 = -2*m - 5*k + 2, -2*k = -3*k - l. What are the prime factors of m?
2, 3
Let z(h) = 4*h - 1. Let g(v) = 2*v - 1. Let o(k) = 5*g(k) - 3*z(k). What are the prime factors of o(-5)?
2
Let f(h) = -h**2 - 11*h - 7. Let i be f(-10). Let j be 1/5 - (-27)/15. What are the prime factors of 3/2*i*j?
3
Let j(z) = -z + 5. Let x(d) = d + 12. Let a be x(0). Suppose 18 = -2*n + 4*s, -3*n + 3 - a = 3*s. What are the prime factors of j(n)?
2, 5
Let f(y) = 3*y + 3 + 2*y + y. Let r be f(3). Let s = r - 11. What are the prime factors of s?
2, 5
Let x be 0 - (-2 + (3 - 5)). Suppose -t = x*t - 25. List the prime factors of t.
5
Let s = 11 - 19. Let p be 275/15 + (-4)/(-6). Let d = p + s. List the prime factors of d.
11
Let v = -2 - -3. What are the prime factors of (v - 2) + 4 + 7?
2, 5
Suppose 6*l = 4*l - 12. List the prime factors of (-63)/(-6) - 9/l.
2, 3
Let g(v) = v**3 + v**2 - v - 9. Let m(f) = -f + 3. Let z be m(3). Let h be g(z). Let b = 0 - h. List the prime factors of b.
3
Let z = 58 + -37. Suppose 5*c - 24 - z = 0. Suppose -2*r + k + c = 2*r, 0 = -2*r + 3*k - 3. List the prime factors of r.
3
Let i(w) = -23*w - 6. Let y(p) = p - 1. Let d(j) = -i(j) + 4*y(j). What are the prime factors of d(2)?
2, 7
Suppose 5*x - 14 - 1 = 0. Suppose x*a - d = 73, a + 15 = 2*d + 36. What are the prime factors of a?
5
Let x be (3/(-2))/((-1)/(-4)). Let q be -21 + x/(-2) + 0. Let j = -10 - q. List the prime factors of j.
2
Suppose 3 = 4*d + 7. Let w = -15 - -3. List the prime factors of 1*-2 + w/d.
2, 5
Let k = -11 - -7. Let p = 11 - k. Suppose -4*m - 3*i + p = 0, 0 = -m + 2*i - 0*i + 1. List the prime factors of m.
3
Let z be 2/(-3) - 5/(-3). Suppose n + z = 2*n. Suppose -n = u - 3. List the prime factors of u.
2
List the prime factors of 1038/54 + (-2)/9.
19
Suppose 4*g = -0 + 8. Suppose 0 = g*f + 3*k - 19, 2*k - 5*k = -2*f + 1. List the prime factors of f.
5
Let j(v) = v**3 - 7*v**2 + 8*v - 8. Let q be j(6). Suppose o - q*o = -51. Suppose 0 = -5*r + o + 33. List the prime factors of r.
2, 5
Let w(g) = -g**2 + 12*g + 4. List the prime factors of w(10).
2, 3
Let t = 107 + -75. What are the prime factors of t?
2
Let z = 20 - 6. What are the prime factors of z?
2, 7
Suppose 2*g - 5*g = -4*i + 73, 3*i + 5*g = 91. What are the prime factors of i?
2, 11
Suppose 8*n = 26 + 22. What are the prime factors of n?
2, 3
Suppose -2 + 110 = 2*b. What are the prime factors of b?
2, 3
Suppose -4*v = 2*p - 56, v - 4*p + 3*p = 14. Let h = v - 7. List the prime factors of h.
7
Let q(x) = x**2 - 7*x + 8. Let g be q(6). Suppose 66 = -0*j + g*j. What are the prime factors of j?
3, 11
Let c = 3 + 7. Let b = 21 - c. What are the prime factors of b?
11
Let k be -1*(-7)/((-7)/(-99)). Suppose 29 = -2*g + k. List the prime factors of g.
5, 7
Suppose 10 = -8*d + 26. List the prime factors of d.
2
Suppose -3*i - l + 50 = -3*l, 4*l = 3*i - 46. What are the prime factors of i?
2, 3
What are th